27.
23
Calculate the remainder when 412 is divided by 2.
0
Calculate the remainder when 1708 is divided by 154.
14
What is the remainder when 42811 is divided by 164?
7
What is the remainder when 1301 is divided by 1151?
150
What is the remainder when 4800 is divided by 2379?
42
Calculate the remainder when 663008 is divided by 189.
185
Calculate the remainder when 5921 is divided by 160.
1
Calculate the remainder when 35217 is divided by 10.
7
Calculate the remainder when 12486 is divided by 3041.
322
What is the remainder when 14435 is divided by 549?
161
What is the remainder when 1910589 is divided by 121?
120
What is the remainder when 373004 is divided by 1492?
4
What is the remainder when 1765 is divided by 419?
89
Calculate the remainder when 3690 is divided by 123.
0
Calculate the remainder when 1517262 is divided by 16.
14
What is the remainder when 48813 is divided by 30?
3
Calculate the remainder when 3328 is divided by 421.
381
What is the remainder when 105124 is divided by 11?
8
Calculate the remainder when 2709 is divided by 498.
219
Calculate the remainder when 508610 is divided by 1342.
1334
Calculate the remainder when 105210 is divided by 37.
19
Calculate the remainder when 80869 is divided by 21.
19
What is the remainder when 20571 is divided by 791?
5
Calculate the remainder when 742 is divided by 699.
43
Calculate the remainder when 6376 is divided by 6270.
106
What is the remainder when 111126 is divided by 2414?
82
What is the remainder when 172463 is divided by 93?
41
Calculate the remainder when 3902 is divided by 540.
122
Calculate the remainder when 7643 is divided by 1519.
48
Calculate the remainder when 198243 is divided by 37.
34
Calculate the remainder when 295 is divided by 189.
106
Calculate the remainder when 63042 is divided by 37.
31
Calculate the remainder when 4027 is divided by 89.
22
What is the remainder when 10370 is divided by 16?
2
What is the remainder when 54523 is divided by 159?
145
What is the remainder when 1865 is divided by 74?
15
What is the remainder when 2675 is divided by 12?
11
Calculate the remainder when 645 is divided by 23.
1
What is the remainder when 20412 is divided by 511?
483
What is the remainder when 2352 is divided by 502?
344
Calculate the remainder when 14314 is divided by 4725.
139
Calculate the remainder when 240279 is divided by 8.
7
What is the remainder when 17895 is divided by 114?
111
What is the remainder when 10688 is divided by 36?
32
Calculate the remainder when 4170 is divided by 188.
34
What is the remainder when 149212 is divided by 71?
41
Calculate the remainder when 18147 is divided by 151.
27
Calculate the remainder when 1282 is divided by 23.
17
What is the remainder when 872 is divided by 425?
22
Calculate the remainder when 140738 is divided by 437.
24
Calculate the remainder when 9480 is divided by 270.
30
Calculate the remainder when 93838 is divided by 4.
2
What is the remainder when 3314 is divided by 229?
108
Calculate the remainder when 765213 is divided by 590.
573
What is the remainder when 1139 is divided by 22?
17
What is the remainder when 684 is divided by 326?
32
Calculate the remainder when 19976 is divided by 29.
24
What is the remainder when 87619 is divided by 9?
4
Calculate the remainder when 5223 is divided by 97.
82
Calculate the remainder when 123862 is divided by 587.
5
Calculate the remainder when 13475 is divided by 13434.
41
What is the remainder when 177404 is divided by 1207?
1182
Calculate the remainder when 4782 is divided by 184.
182
Calculate the remainder when 66713 is divided by 13.
10
Calculate the remainder when 50667 is divided by 724.
711
What is the remainder when 2960991 is divided by 1500?
1491
What is the remainder when 2138 is divided by 733?
672
What is the remainder when 31285 is divided by 7817?
17
What is the remainder when 131837 is divided by 2583?
104
What is the remainder when 25430 is divided by 5074?
60
What is the remainder when 7109 is divided by 2260?
329
What is the remainder when 39028 is divided by 244?
232
Calculate the remainder when 250049 is divided by 110.
19
Calculate the remainder when 1931 is divided by 16.
11
Calculate the remainder when 1370 is divided by 363.
281
Calculate the remainder when 8379 is divided by 280.
259
What is the remainder when 928 is divided by 240?
208
Calculate the remainder when 17511 is divided by 88.
87
Calculate the remainder when 217114 is divided by 327.
313
Calculate the remainder when 131880 is divided by 47.
45
Calculate the remainder when 432650 is divided by 14.
8
Calculate the remainder when 370823 is divided by 8829.
5
What is the remainder when 2942 is divided by 1520?
1422
What is the remainder when 21268 is divided by 14?
2
Calculate the remainder when 5930323 is divided by 59.
56
Calculate the remainder when 61131 is divided by 755.
731
What is the remainder when 11286 is divided by 112?
86
Calculate the remainder when 29561 is divided by 135.
131
Calculate the remainder when 25651 is divided by 121.
120
Calculate the remainder when 51008 is divided by 4636.
12
What is the remainder when 16903 is divided by 8411?
81
Calculate the remainder when 1527 is divided by 135.
42
Calculate the remainder when 59157 is divided by 3943.
12
What is the remainder when 8858 is divided by 1108?
1102
Calculate the remainder when 29626 is divided by 4222.
72
What is the remainder when 752221 is divided by 22?
19
What is the remainder when 716317 is divided by 15?
7
What is the remainder when 12130 is divided by 33?
19
Calculate the remainder when 88499 is divided by 697.
677
What is the remainder when 1207525 is divided by 603743?
39
What is the remainder when 4045 is divided by 1576?
893
What is the remainder when 10106 is divided by 3151?
653
What is the remainder when 23991 is divided by 684?
51
What is the remainder when 3725 is divided by 83?
73
What is the remainder when 36299 is divided by 53?
47
Calculate the remainder when 4820 is divided by 3542.
1278
What is the remainder when 2645 is divided by 8?
5
What is the remainder when 35621 is divided by 614?
9
What is the remainder when 76439 is divided by 36?
11
Calculate the remainder when 521928 is divided by 26096.
8
What is the remainder when 1550922 is divided by 142?
140
What is the remainder when 2676 is divided by 93?
72
Calculate the remainder when 980968 is divided by 58.
14
What is the remainder when 50 is divided by 2?
0
What is the remainder when 6870 is divided by 146?
8
What is the remainder when 20712 is divided by 222?
66
Calculate the remainder when 19325 is divided by 79.
49
Calculate the remainder when 160703 is divided by 162.
161
Calculate the remainder when 8006 is divided by 7961.
45
Calculate the remainder when 18579 is divided by 56.
43
What is the remainder when 3263 is divided by 2620?
643
What is the remainder when 14288 is divided by 270?
248
Calculate the remainder when 5091 is divided by 28.
23
Calculate the remainder when 11965 is divided by 795.
40
What is the remainder when 4854 is divided by 342?
66
Calculate the remainder when 1827 is divided by 861.
105
Calculate the remainder when 15813 is divided by 290.
153
Calculate the remainder when 97271 is divided by 48622.
27
Calculate the remainder when 6324 is divided by 6322.
2
What is the remainder when 13312 is divided by 3325?
12
Calculate the remainder when 14333 is divided by 235.
233
What is the remainder when 3063 is divided by 414?
165
What is the remainder when 218004 is divided by 701?
694
What is the remainder when 112623 is divided by 18770?
3
What is the remainder when 31081 is divided by 4?
1
What is the remainder when 1791 is divided by 598?
595
Calculate the remainder when 124331 is divided by 277.
235
Calculate the remainder when 138421 is divided by 572.
569
What is the remainder when 1661906 is divided by 33?
26
Calculate the remainder when 2278 is divided by 2253.
25
What is the remainder when 7753 is divided by 189?
4
Calculate the remainder when 72863 is divided by 9.
8
Calculate the remainder when 1971 is divided by 87.
57
What is the remainder when 7494 is divided by 3745?
4
Calculate the remainder when 126411 is divided by 494.
441
What is the remainder when 47940 is divided by 1712?
4
What is the 